{"id":3309,"date":"2017-01-19T05:54:35","date_gmt":"2017-01-19T05:54:35","guid":{"rendered":"http:\/\/demo.theme4press.com\/evolve\/?page_id=3309"},"modified":"2019-11-04T13:32:01","modified_gmt":"2019-11-04T13:32:01","slug":"faq","status":"publish","type":"page","link":"https:\/\/www.demencias.cl\/?page_id=3309","title":{"rendered":"Nosotros"},"content":{"rendered":"<p style=\"text-align: justify;\">Somos un grupo de profesionales amigos, un m\u00e9dico neur\u00f3logo, un m\u00e9dico geriatra y dos terapeutas ocupacionales\u00a0 que por circunstancias de la vida nos sensibilizamos frente al tema y ya por a\u00f1os nos hemos dedicado a la comprensi\u00f3n y manejo de los distintos desaf\u00edos que supone\u00a0 la demencia. Conocemos la problem\u00e1tica de estas enfermedades desde lo t\u00e9cnico hasta lo humano y hemos trabajado en diferentes instancias desde lo acad\u00e9mico hasta lo comunitario tanto con las personas afectadas, como con sus familias y los equipos de salud correspondientes.<\/p>\n<p style=\"text-align: justify;\">Nuestra pretensi\u00f3n es constituir un espacio abierto de reflexi\u00f3n y colaboraci\u00f3n, con informaci\u00f3n seria y actualizada, con el fin de servir de ayuda a todos aquellos, profesionales y no profesionales, que est\u00e9n llamados a mejorar la comprensi\u00f3n y las actitudes hacia las personas con demencia.<\/p>\n<p style=\"text-align: justify;\">Compartimos el deseo de una sociedad amigable con las personas con demencia y comprometida en aportar conocimiento y humanidad que finalmente mejore cada uno de los aspectos de la calidad de vida de quienes conviven con est\u00e1 condici\u00f3n. Estamos abiertos a intercambiar opiniones y a recibir colaboraciones, porque tenemos la convicci\u00f3n de que se necesitan muchas voces y muchas sensibilidades para so\u00f1ar un futuro donde las personas con demencia y sus familias puedan vivir mejor.<\/p>\n","protected":false},"excerpt":{"rendered":"<p>Somos un grupo de profesionales amigos, un m\u00e9dico neur\u00f3logo, un m\u00e9dico geriatra y dos terapeutas ocupacionales\u00a0 que por circunstancias de la vida nos sensibilizamos frente al tema y ya por a\u00f1os nos hemos dedicado a la comprensi\u00f3n y manejo de los distintos desaf\u00edos que supone\u00a0 la demencia. Conocemos la problem\u00e1tica de estas enfermedades desde lo [&hellip;]<\/p>\n","protected":false},"author":1,"featured_media":0,"parent":0,"menu_order":0,"comment_status":"closed","ping_status":"closed","template":"","meta":[],"_links":{"self":[{"href":"https:\/\/www.demencias.cl\/index.php?rest_route=\/wp\/v2\/pages\/3309"}],"collection":[{"href":"https:\/\/www.demencias.cl\/index.php?rest_route=\/wp\/v2\/pages"}],"about":[{"href":"https:\/\/www.demencias.cl\/index.php?rest_route=\/wp\/v2\/types\/page"}],"author":[{"embeddable":true,"href":"https:\/\/www.demencias.cl\/index.php?rest_route=\/wp\/v2\/users\/1"}],"replies":[{"embeddable":true,"href":"https:\/\/www.demencias.cl\/index.php?rest_route=%2Fwp%2Fv2%2Fcomments&post=3309"}],"version-history":[{"count":4,"href":"https:\/\/www.demencias.cl\/index.php?rest_route=\/wp\/v2\/pages\/3309\/revisions"}],"predecessor-version":[{"id":4733,"href":"https:\/\/www.demencias.cl\/index.php?rest_route=\/wp\/v2\/pages\/3309\/revisions\/4733"}],"wp:attachment":[{"href":"https:\/\/www.demencias.cl\/index.php?rest_route=%2Fwp%2Fv2%2Fmedia&parent=3309"}],"curies":[{"name":"wp","href":"https:\/\/api.w.org\/{rel}","templated":true}]}}

<p style="text-align: justify;">Somos un grupo de profesionales amigos, un médico neurólogo, un médico geriatra y dos terapeutas ocupacionales  que por circunstancias de la vida nos sensibilizamos frente al tema y ya por años nos hemos dedicado a la comprensión y manejo de los distintos desafíos que supone  la demencia. Conocemos la problemática de estas enfermedades desde lo técnico hasta lo humano y hemos trabajado en diferentes instancias desde lo académico hasta lo comunitario tanto con las personas afectadas, como con sus familias y los equipos de salud correspondientes.</p>
<p style="text-align: justify;">Nuestra pretensión es constituir un espacio abierto de reflexión y colaboración, con información seria y actualizada, con el fin de servir de ayuda a todos aquellos, profesionales y no profesionales, que estén llamados a mejorar la comprensión y las actitudes hacia las personas con demencia.</p>
<p style="text-align: justify;">Compartimos el deseo de una sociedad amigable con las personas con demencia y comprometida en aportar conocimiento y humanidad que finalmente mejore cada uno de los aspectos de la calidad de vida de quienes conviven con está condición. Estamos abiertos a intercambiar opiniones y a recibir colaboraciones, porque tenemos la convicción de que se necesitan muchas voces y muchas sensibilidades para soñar un futuro donde las personas con demencia y sus familias puedan vivir mejor.</p>

<p>Somos un grupo de profesionales amigos, un médico neurólogo, un médico geriatra y dos terapeutas ocupacionales  que por circunstancias de la vida nos sensibilizamos frente al tema y ya por años nos hemos dedicado a la comprensión y manejo de los distintos desafíos que supone  la demencia. Conocemos la problemática de estas enfermedades desde lo [&hellip;]</p>
